5 = -3*i, -5*n + 4*n - 2*i = -47. Calculate the remainder when n is divided by (-101)/(-9) + (-4)/18.
8
Let a be 101/2 + 1/2. What is the remainder when a/9*(-1 - -4) is divided by 9?
8
Suppose 3*v - 5*v = -6. Suppose t + 0 + 1 = 5*n, 0 = 5*t + n - 21. Calculate the remainder when t is divided by v.
1
Suppose -11*f - 2*f + 78 = 0. What is the remainder when 6 is divided by f?
0
Let y(d) = 8*d**2 + 2*d + 1. Calculate the remainder when 25 is divided by y(-1).
4
Let m = -27 + 19. Let f = -5 - m. Let q = 10 + -6. What is the remainder when q is divided by f?
1
Let d(v) = -5*v**2 - 92*v - 26. Calculate the remainder when (58/(-6))/(1/(-3)) is divided by d(-18).
9
Suppose -3*h = 5*d - 35, 5*d + 94 = 5*h + 9. What is the remainder when 43 is divided by h?
13
Let g = 3 - 5. Let f be (-4)/1 + (-4)/g. What is the remainder when (-256)/(-6) + f/(-6) is divided by 15?
13
Let n = 94 - 92. What is the remainder when 17 is divided by n?
1
Suppose -17*d = -19*d + 4. What is the remainder when 2 is divided by d?
0
Let o(i) = 2*i + 3. Let j(s) = s + 1. Let b(a) = 6*j(a) - o(a). What is the remainder when b(4) is divided by -1*(-136)/14 + (-266)/(-931)?
9
Suppose 0*y = 3*y - 9. Suppose -2*x - 37 = -y*x. Let t = 14 + -1. What is the remainder when x is divided by t?
11
Suppose 4*d + 244 = 5*g, 0 = 3*g + 2*d - 3*d - 145. What is the remainder when g is divided by 10?
8
Let j = -1 - -2. Calculate the remainder when (j - (-11)/2)*2 is divided by 5.
3
Let y(o) = 3*o**2 - 4*o + 7. What is the remainder when y(4) is divided by 14?
11
Let r(a) = -a + 1. Let s be r(-3). Let y(v) = -v. Calculate the remainder when 9/2 + (-2)/s is divided by y(-3).
1
Let n = -4 - -4. Suppose d + 2*x - 16 = 0, n*x - 14 = -4*d + 2*x. Suppose -57 = -d*t + 3*t. What is the remainder when 36 is divided by t?
17
Let k(w) = 7*w - 1. Let q be k(1). Calculate the remainder when 49 - (-1 + q - 2) is divided by 12.
10
Let m(y) be the second derivative of -y**4/12 - 4*y**3/3 + 11*y**2/2 + 3*y. Calculate the remainder when 31 is divided by m(-8).
9
Let i(z) = -5*z + 12. Let g(n) = -3*n + 8. Let j(o) = -8*g(o) + 5*i(o). Let h be j(-6). Calculate the remainder when 17 is divided by (-1)/h - 52/(-8).
5
Suppose -5*r = 2*n + 9, n + r - 3 = -0. Suppose -3*u = 5*g - 84, -2*u - 1 - n = -g. Calculate the remainder when g is divided by 6.
3
Suppose 150 + 414 = 4*j. Suppose l - j = -2*l + 3*r, 0 = 3*l - 5*r - 143. Calculate the remainder when l is divided by 24.
22
Calculate the remainder when 104 is divided by -1 + -1 + 3 - -2 - -32.
34
Suppose 6 + 0 = 3*f. Suppose f*x - 26 = 10. Calculate the remainder when 52 is divided by x.
16
Suppose s - 14 = 4*b - b, 4*s - 96 = 4*b. Calculate the remainder when s is divided by 16.
13
Suppose 2*l = 6*l - 36. What is the remainder when 15 is divided by l?
6
Suppose 2*u = m, 3 = 2*m + 5*u - 6*u. Suppose 0 = -2*j - 5*n + 30, -m*j + 15 + 11 = 3*n. Calculate the remainder when 28 is divided by j.
8
Let x = 344 - 330. What is the remainder when ((-4)/6)/((-2)/123) is divided by x?
13
Suppose -w + z = -6 - 0, 4*z = 5*w - 28. Suppose 2*d + 40 = 3*a, d + 15 = -2*d. What is the remainder when a is divided by w?
2
Let o(g) = g**2 + 15*g - 10. Let a be o(-14). Let y = -13 - a. What is the remainder when 30 is divided by y?
8
Let a = 60 + -16. Let r(o) = o**3 + 10*o**2 - 25*o + 4. Calculate the remainder when a is divided by r(-12).
12
Suppose -5*f + 4*c = -97, -7*f + 94 = -3*f + 5*c. What is the remainder when 102 is divided by f?
18
Let h = -20 + 9. Let y = h + 36. What is the remainder when y is divided by 13?
12
Suppose -2*n = -5*i + 437 - 71, -129 = -2*i - 5*n. Calculate the remainder when i is divided by 25.
22
Suppose 0 = a - 5*g - 42, 2*g + 7 + 69 = 2*a. Let z = -12 - -13. What is the remainder when a is divided by -22*(-5)/10 - z?
7
Suppose 3*s + 5 = 4*s. Suppose -s*b - 54 = -6*b. Suppose -2*t + 0 = -k - 27, -3*t + 3*k + 39 = 0. Calculate the remainder when b is divided by t.
12
Let s = 98 - 58. Suppose -g + s = 3*g. What is the remainder when (28 - -1)*7/7 is divided by g?
9
Let f(m) = m + 20. Let s be f(-11). Suppose 4*z + s - 37 = 0. Let n(l) = 13*l. Calculate the remainder when n(1) is divided by z.
6
Let l(s) = s - 10. Suppose -2*f - 3*i + 29 = 0, -f + 0*i + i = -2. Let d be l(f). What is the remainder when d/(3/(-30)*3) is divided by 6?
4
Suppose 5*r - 4*z + 4 = r, 2*r - z = 3. Suppose 3*i - 15 = -4*n, i + 8 = 2*n + 3*i. Suppose n*o - 42 + 9 = 0. What is the remainder when o is divided by r?
3
Let i(g) = -2*g**3 + 3*g**2 + 5*g - 3. Let z be 2/(-4)*(1 + -7). Let q be i(z). Let x = q - -35. Calculate the remainder when x is divided by 11.
9
Let i(w) = 4 + 17*w + w**2 - 3*w - 2*w. Calculate the remainder when 49 is divided by i(-13).
15
Suppose 4*s = 4*j + 36, -2 + 3 = -s - j. What is the remainder when 6 is divided by s?
2
Suppose -3*t - 3*v + 6 = -0*t, 4*t - 6 = -3*v. Let u be -3*(t - 10/6). Let n(x) = x - 4. Calculate the remainder when n(u) is divided by 1.
0
Let r(f) = f**3 + 4*f**2 - 5*f + 2. Let v be r(-5). Suppose -v*n + n = -20. Let j = -45 - -52. Calculate the remainder when n is divided by j.
6
Suppose -3*d = -0*d - 117. Let b = 25 + -39. Let a = 24 + b. What is the remainder when d is divided by a?
9
Suppose 11 = -7*h - 31. Let v(w) = w**3 + w + 7*w**2 + 2*w + w. What is the remainder when 34 is divided by v(h)?
10
Let n(w) = w**3 + 19*w**2 + 18*w + 19. What is the remainder when 73 is divided by n(-18)?
16
Calculate the remainder when 2*(-57)/12*-6 is divided by 29.
28
Suppose 0 = -6*c + 54 + 516. What is the remainder when c is divided by 33?
29
Suppose -18*i + 210 = -11*i. What is the remainder when 119 is divided by i?
29
Let x = -10 + 15. Suppose -k - 1 = -x. Suppose 8*a - 132 = k*a. What is the remainder when a is divided by 17?
16
Suppose 7*n + 208 = 15*n. What is the remainder when 47 is divided by n?
21
What is the remainder when 428/12*1*3 is divided by 22?
19
Suppose 2 = -6*l + 50. Calculate the remainder when 38 is divided by l.
6
Suppose 0 = 2*f - 4*l - 40 - 60, -4*l - 220 = -5*f. Suppose -k + 5*k - f = 0. Calculate the remainder when k is divided by (-100)/(-16) - 1/4.
4
Let m be 3/(-1) + 88/2. Let n = m - 27. Calculate the remainder when 2/9 - 232/(-9) is divided by n.
12
Let j(w) = 11*w - 3. What is the remainder when j(2) is divided by 3/((-42)/(-4)) + (-1836)/(-189)?
9
Let p(q) = q**3 - 17*q**2 + 15*q + 20. What is the remainder when 8 is divided by p(16)?
0
Let s be 6/(-15) - 244/(-10). Let g be ((-32)/(-12))/((-4)/(-6)). Suppose -g*b + s = -2*b. Calculate the remainder when 22 is divided by b.
10
Calculate the remainder when (1 - 1) + 330/6 is divided by 31.
24
Let i(s) = -3*s + 83. What is the remainder when i(19) is divided by 14?
12
Let l(i) = 14*i**2 + i - 4. Suppose 0*t + 3 = -t. What is the remainder when l(t) is divided by 30?
29
Suppose 4*o - 5 = -o. What is the remainder when 46/6 - o/(-3) is divided by 7 - (-3 - 1)*-1?
2
Let w = 20 + 15. Suppose -2*u + 77 + w = 0. What is the remainder when u is divided by 19?
18
Let h(t) = 48*t + 2. Calculate the remainder when h(1) is divided by 26.
24
Suppose 16*o = 19*o - 51. What is the remainder when o is divided by 8?
1
Let s(w) = w**2 + 10. What is the remainder when s(3) is divided by 13?
6
Let s(h) = -18*h**3 + h**2 - 1. Let o be s(1). Let c = o + 103. Suppose -4*p + 27 = 3*d - 38, 2*p - c = -5*d. What is the remainder when 28 is divided by d?
13
Let q = 91 - 58. What is the remainder when q is divided by 12?
9
Suppose -2*j - 24 = 28. What is the remainder when j/(-10) + (-4)/(-10) is divided by 2?
1
Let g(l) = -l + 10. Let y be g(8). Let w = y + 21. What is the remainder when 68 is divided by w?
22
What is the remainder when (-5 - -3)/(4/(-14)) is divided by 2?
1
Suppose 5*c - 14 - 66 = 0. Suppose 4*o - 2 + 14 = 4*t, 9 = 3*o. Let u(y) = y**2 - 7. Calculate the remainder when u(t) is divided by c.
13
Let h(i) = -i - 6. What is the remainder when -4*-1*1 - -1 is divided by h(-9)?
2
Suppose 0*c - 3*c = -15. Suppose 2*p - 117 = -p - 3*d, 0 = -c*p + 2*d + 160. What is the remainder when p is divided by (-1)/1 + (-26)/(-2)?
10
Let t(j) = 3 + 3*j - 4 + j**2 - 2. Suppose -6*n = n + 35. Calculate the remainder when 11 is divided by t(n).
4
Suppose 0 = 3*s - 71 - 82. What is the remainder when